illions digit of 116090333?
1
What is the ten millions digit of 135833327?
3
What is the ten millions digit of 204095090?
0
What is the thousands digit of 9806370?
6
What is the ten thousands digit of 39938721?
3
What is the tens digit of 30299391?
9
What is the ten millions digit of 649009905?
4
What is the millions digit of 30907451?
0
What is the hundred millions digit of 4382517984?
3
What is the thousands digit of 34988641?
8
What is the hundred thousands digit of 687321606?
3
What is the hundred thousands digit of 4772589748?
5
What is the units digit of 174091232?
2
What is the thousands digit of 936083405?
3
What is the ten millions digit of 26766066?
2
What is the tens digit of 8049020?
2
What is the hundred thousands digit of 32934529?
9
What is the millions digit of 426544148?
6
What is the hundred thousands digit of 701149685?
1
What is the tens digit of 356864177?
7
What is the hundreds digit of 72872929?
9
What is the hundred thousands digit of 293807104?
8
What is the ten millions digit of 61186067?
6
What is the millions digit of 79984397?
9
What is the millions digit of 580944083?
0
What is the hundreds digit of 45887641?
6
What is the ten millions digit of 538261563?
3
What is the millions digit of 15921841?
5
What is the hundred millions digit of 513018992?
5
What is the hundred thousands digit of 274291794?
2
What is the millions digit of 34646085?
4
What is the hundred thousands digit of 8843702?
8
What is the hundreds digit of 938113257?
2
What is the millions digit of 413884869?
3
What is the ten thousands digit of 238536927?
3
What is the hundreds digit of 30142051?
0
What is the units digit of 43773680?
0
What is the millions digit of 411668954?
1
What is the hundreds digit of 37159779?
7
What is the millions digit of 1382707088?
2
What is the ten thousands digit of 1674182794?
8
What is the hundreds digit of 92883829?
8
What is the ten thousands digit of 60866576?
6
What is the ten millions digit of 48204332?
4
What is the ten thousands digit of 2011209439?
0
What is the ten millions digit of 470381335?
7
What is the millions digit of 152822524?
2
What is the hundred millions digit of 558492301?
5
What is the ten thousands digit of 11059703?
5
What is the thousands digit of 738839433?
9
What is the millions digit of 283830248?
3
What is the ten thousands digit of 5895947733?
4
What is the tens digit of 86997129?
2
What is the tens digit of 18361247?
4
What is the ten millions digit of 37958236?
3
What is the hundreds digit of 156191066?
0
What is the hundred thousands digit of 21155043?
1
What is the hundred thousands digit of 80155967?
1
What is the thousands digit of 52470240?
0
What is the hundreds digit of 401721881?
8
What is the hundred millions digit of 2281184865?
2
What is the ten thousands digit of 898453856?
5
What is the hundreds digit of 206722492?
4
What is the hundred millions digit of 331694864?
3
What is the units digit of 935763581?
1
What is the millions digit of 19901613?
9
What is the tens digit of 177983027?
2
What is the tens digit of 733194297?
9
What is the hundreds digit of 2736180389?
3
What is the ten thousands digit of 52199182?
9
What is the tens digit of 1147489741?
4
What is the hundred thousands digit of 331547841?
5
What is the hundreds digit of 61999338?
3
What is the ten millions digit of 617117648?
1
What is the hundreds digit of 327920463?
4
What is the millions digit of 295176178?
5
What is the tens digit of 2897056165?
6
What is the ten millions digit of 35238893?
3
What is the hundred millions digit of 1333886703?
3
What is the thousands digit of 188509918?
9
What is the millions digit of 1267592004?
7
What is the tens digit of 859697976?
7
What is the thousands digit of 412142988?
2
What is the hundred thousands digit of 6379836067?
8
What is the tens digit of 64000885?
8
What is the thousands digit of 75771669?
1
What is the billions digit of 2277780961?
2
What is the hundred thousands digit of 1615801093?
8
What is the tens digit of 361253755?
5
What is the thousands digit of 139992078?
2
What is the hundred thousands digit of 309860104?
8
What is the hundred thousands digit of 600751724?
7
What is the ten millions digit of 486058687?
8
What is the ten thousands digit of 51429218?
2
What is the ten thousands digit of 25255216?
5
What is the units digit of 73167643?
3
What is the ten thousands digit of 1036970328?
7
What is the ten millions digit of 74196231?
7
What is the thousands digit of 802640286?
0
What is the thousands digit of 207678088?
8
What is the millions digit of 139788759?
9
What is the hundreds digit of 150779497?
4
What is the ten millions digit of 64859213?
6
What is the tens digit of 86365123?
2
What is the hundreds digit of 369930682?
6
What is the ten thousands digit of 105565990?
6
What is the millions digit of 283568947?
3
What is the hundred millions digit of 258026185?
2
What is the ten millions digit of 196574186?
9
What is the hundreds digit of 103790159?
1
What is the hundred thousands digit of 3766629?
7
What is the thousands digit of 120931732?
1
What is the units digit of 7095960719?
9
What is the tens digit of 494871171?
7
What is the hundred thousands digit of 170482329?
4
What is the hundreds digit of 1827570915?
9
What is the ten thousands digit of 1252328265?
2
What is the ten millions digit of 1861044640?
6
What is the thousands digit of 420872161?
2
What is the millions digit of 193795533?
3
What is the ten thousands digit of 323064568?
6
What is the thousands digit of 68053515?
3
What is the thousands digit of 660145157?
5
What is the ten thousands digit of 416277531?
7
What is the hundreds digit of 368559711?
7
What is the millions digit of 1758453241?
8
What is the units digit of 1203692844?
4
What is the units digit of 365252224?
4
What is the thousands digit of 3054187?
4
What is the units digit of 109650147?
7
What is the tens digit of 72606904?
0
What is the thousands digit of 47932194?
2
What is the thousands digit of 3825333359?
3
What is the ten millions digit of 292884020?
9
What is the units digit of 99536649?
9
What is the hundred millions digit of 1060246407?
0
What is the hundred thousands digit of 122148250?
1
What is the thousands digit of 522963969?
3
What is the hundred thousands digit of 78927245?
9
What is the hundreds digit of 38206026?
0
What is the thousands digit of 52298947?
8
What is the millions digit of 28628656?
8
What is the thousands digit of 929723537?
3
What is the units digit of 871027578?
8
What is the ten millions digit of 1704839653?
0
What is the units digit of 50008719?
9
What is the ten thousands digit of 789296980?
9
What is the thousands digit of 878232440?
2
What is the billions digit of 2935998272?
2
What is the hundreds digit of 320374404?
4
What is the millions digit of 267476344?
7
What is the ten thousands digit of 721549646?
4
What is the ten millions digit of 335145768?
3
What is the tens digit of 264128294?
9
What is the hundred thousands digit of 341531745?
5
What is the hundred thousands digit of 2021415124?
4
What is the tens digit of 172937281?
8
What is the tens digit of 61787729?
2
What is the tens digit of 75096831?
3
What is the ten thousands digit of 285139152?
3
What is the ten millions digit of 1181223135?
8
What is the millions digit of 3938409203?
8
What is the ten millions digit of 970084345?
7
What is the hundreds digit of 927402294?
2
What is the millions digit of 13100937?
3
What is the units digit of 73417754?
4
What is the millions digit of 281667967?
1
What is the units digit of 2552490001?
1
What is the ten millions digit of 115048121?
1
What is the hundreds digit of 61038379?
3
What is the hundred millions digit of 108537061?
1
What is the hundreds digit of 203835193?
1
What is the ten millions digit of 200419604?
0
What is the units digit of 3318430?
0
What is the ten thousands digit of 44504625?
0
What is the thousands digit of 370752037?
2
What is the millions digit of 763061542?
3
What is the hundred thousands digit of 11162411?
1
What is the ten millions digit of 90469871?
9
What is the thousands digit of 64173840?
3
What is the tens digit of 2703197407?
0
What is the tens digit of 103551212?
1
What is the tens digit of 437640013?
1
What is the hundred tho